0332343
In base 16, what is -20 + -c07c8?
-c07e8
In base 16, what is -8 - -18b1b9?
18b1b1
In base 3, what is 200212111 + -22001?
200120110
In base 15, what is -1a5 + -2cdd?
-2e93
In base 7, what is -14656141 - 3?
-14656144
In base 10, what is -5 - 2770923?
-2770928
In base 6, what is 1220021132 + 30?
1220021202
In base 9, what is -3 + -685668?
-685672
In base 11, what is -517280 + -2?
-517282
In base 8, what is -5777346713 + -2?
-5777346715
In base 16, what is -5442 + 1d0?
-5272
In base 14, what is -648b5 + -2232?
-66b07
In base 4, what is 131 + -1020122123232?
-1020122123101
In base 11, what is -23257a7 - a8?
-23258a4
In base 15, what is aa7 + 7c3a?
87e2
In base 11, what is 426 + a36a9?
a4024
In base 6, what is -110255 + 54435?
-11420
In base 8, what is 21 - -635271?
635312
In base 13, what is -c + 274057?
274048
In base 10, what is 10523 + 2611?
13134
In base 10, what is 29 - -586094?
586123
In base 11, what is 47 + 506778?
506814
In base 4, what is 11233 - -10023102?
10101001
In base 2, what is -1001100101100 + 1011011010110111?
1010001110001011
In base 7, what is 46500 - -53324?
133124
In base 4, what is -312011222111 + -11?
-312011222122
In base 6, what is 2 + 310513201?
310513203
In base 5, what is -12243440120 + -30?
-12243440200
In base 6, what is 35304435 - -2212?
35311051
In base 15, what is 3 - -3c74c9?
3c74cc
In base 8, what is 356263363 + -5?
356263356
In base 12, what is -b3842a + 3?
-b38427
In base 11, what is -104 + 1003113?
100300a
In base 6, what is 0 + 340555000?
340555000
In base 10, what is 0 - 1215689?
-1215689
In base 16, what is c2ede3e - -2?
c2ede40
In base 5, what is -301 + -2124141?
-2124442
In base 11, what is -4 + -29263?
-29267
In base 4, what is -330210322 - 2100?
-330213022
In base 5, what is 1003432040 - -20?
1003432110
In base 11, what is 3 - 7686666?
-7686663
In base 9, what is -102053063 + -27?
-102053101
In base 7, what is -50050013 + 32?
-50046651
In base 11, what is a - 8593a9?
-85939a
In base 9, what is -37821408 - -4?
-37821404
In base 16, what is -193 - -14a9?
1316
In base 11, what is 3 - 107a4a1?
-107a499
In base 10, what is 15361 - -4885?
20246
In base 16, what is -67f + 37e0?
3161
In base 4, what is 1021112 + -12010213?
-10323101
In base 3, what is -10220 - -22022212000002?
22022211212012
In base 3, what is -10022 + -1020012221000?
-1020020001022
In base 5, what is 1012314 + -2334?
1004430
In base 5, what is 3 - -3010004422?
3010004430
In base 8, what is -3 - -6726422?
6726417
In base 13, what is 44a29 + -11?
44a18
In base 7, what is -1 - -10146263?
10146262
In base 16, what is 4af + 21e?
6cd
In base 15, what is b8 - -2addd?
2aea6
In base 2, what is 10110 + -110101000100001000100?
-110101000100000101110
In base 3, what is 102201 + -112001020?
-111121112
In base 14, what is -35b6a + 48?
-35b22
In base 14, what is -caba + -25?
-cb01
In base 15, what is b + -47a3dab?
-47a3da0
In base 2, what is 11010101111110001010 + 1001?
11010101111110010011
In base 3, what is -1211200 + 2201222?
220022
In base 6, what is 34551 - 14531?
20020
In base 14, what is -657a2 - 1d3?
-65995
In base 11, what is -2a0 - 163515?
-163805
In base 2, what is 11101001000 - 1000000001000000?
-111100011111000
In base 6, what is 21334 - 13515?
3415
In base 15, what is 207ac - -29b?
20a58
In base 11, what is 1 - -129202?
129203
In base 14, what is 211 - -1d254?
1d465
In base 9, what is 157083 + 355?
157448
In base 4, what is 1 - 11020233032?
-11020233031
In base 3, what is -102101002102020 + 11?
-102101002102002
In base 8, what is -3407372 - 5?
-3407377
In base 2, what is -1110 + -1000001011100010101?
-1000001011100100011
In base 11, what is -6557 - 385?
-6931
In base 12, what is -70715335 + 4?
-70715331
In base 6, what is 1125001400 - -4?
1125001404
In base 11, what is 4890 + 32?
4912
In base 7, what is -116523 + 3026?
-113464
In base 11, what is 0 + 53775a04?
53775a04
In base 6, what is -1410544252 + -2?
-1410544254
In base 6, what is -3 - -300040415?
300040412
In base 8, what is -37772524 - 13?
-37772537
In base 11, what is -8092020 - 2?
-8092022
In base 6, what is -121132 - 1554441?
-2120013
In base 3, what is -201221222001 - 10202101?
-202002201102
In base 14, what is -14 - b376d7?
-b3770b
In base 15, what is -2de - -11e4?
e05
In base 5, what is -1 + -24411243?
-24411244
In base 4, what is 22120 - 301230?
-213110
In base 11, what is -5 - -3760a518?
3760a513
In base 3, what is 10011221102020 + -11?
10011221102002
In base 14, what is 5 - -404dd51?
404dd56
In base 16, what is -26 + 118ac?
11886
In base 9, what is 44 - -131071?
131125
In base 7, what is 1046356 + 4514?
1054203
In base 14, what is -859 + c52?
3d7
In base 6, what is -4 + 55005434?
55005430
In base 11, what is -1 + -48a99286?
-48a99287
In base 3, what is -20201 + 1121100220?
1121010012
In base 10, what is -67643 - -8?
-67635
In base 13, what is 1c25179 - -4?
1c25180
In base 6, what is -33051 + 313405?
240314
In base 15, what is -b6e2 + -341?
-ba33
In base 12, what is 10 + -16067b?
-16066b
In base 11, what is -2 - -18693867?
18693865
In base 8, what is 2 + 771052533?
771052535
In base 11, what is 49 - -2a4aa69?
2a50007
In base 3, what is -1010010200111 + -221220?
-1010011122101
In base 11, what is 3536a - 71?
352a9
In base 5, what is -3 - 302210312404?
-302210312412
In base 7, what is -22241401210 + 3?
-22241401204
In base 9, what is 56836 + -28117?
27718
In base 6, what is -51102230 - 54?
-51102324
In base 4, what is 11002200121 - 1033?
11002133022
In base 13, what is 2489a69 + 0?
2489a69
In base 7, what is 120632410340 + -4?
120632410333
In base 12, what is 37383a7 + -6?
37383a1
In base 8, what is 113237 - 27?
113210
In base 11, what is -5 + -4a8043?
-4a8048
In base 11, what is -34691 - -239?
-34453
In base 6, what is -5325234 + -104?
-5325342
In base 13, what is 1b + 82864a?
828668
In base 3, what is -120220 + -22010110000?
-22011000220
In base 15, what is 8cb - 21c08?
-2132c
In base 8, what is -17705 - 3644?
-23551
In base 11, what is 13968010 + -5?
13968006
In base 15, what is -15c80 + 18b?
-15ae4
In base 3, what is -102212011202 + -21020?
-102212102222
In base 16, what is -1f348e3 - 0?
-1f348e3
In base 8, what is 755 + 17411?
20366
In base 2, what is -110001111000100000011 - -11011?
-110001111000011101000
In base 14, what is -5bb8 + -5996?
-b770
In base 10, what is 8692 + -491?
8201
In base 4, what is 1 + -11301013300202?
-11301013300201
In base 12, what is -41501 - 18a?
-4168b
In base 15, what is 2 - 3ac1e94?
-3ac1e92
In base 11, what is -5 - 6728a1?
-6728a6
In base 8, what is -22356 - 106?
-22464
In base 2, what is -1100101001001111101100110101 - -100?
-1100101001001111101100110001
In base 8, what is -5145 - -53?
-5072
In base 12, what is -901a2 + -16?
-901b8
In base 15, what is -1180c - 98?
-118a5
In base 14, what is -123b8a45 - -5?
-123b8a40
In base 3, what is 2202020 + -11001201211?
-10221222121
In base 13, what is -8a27 + 980b?
ab4
In base 12, what is -67a23a7 - -5?
-67a23a2
In base 2, what is 100110 - 10010101111100111100011?
-10010101111100110111101
In base 16, what is 17 + -35603?
-355ec
In base 4, what is 323 + -1202002213002?
-1202002212013
In base 4, what is -12 - -3313022101?
3313022023
In base 9, what is -827 + -10545?
-11473
In base 2, what is -1 + 10000011011100111001?
10000011011100111000
In base 6, what is 4 + 215220452?
215220500
In base 2, what is -100110 - -110000110110101101111010?
110000110110101101010100
In base 11, what is 81a6089 - -1?
81a608a
In base 10, what is -980 - -555?
-425
In base 10, what is -10 - 42714534?
-42714544
In base 2, what is 10011101000111100 - 100011111?
10011100100011101
In base 16, what is -b8d + 40d6?
3549
In base 13, what is 5673c6a + -12?
5673c58
In base 10, what is -4 - 23467020?
-23467024
In base 8, what is 2 - -15464000?
15464002
In base 7, what is 41164 - 10436?
30425
In base 3, what is 12122112 + 120221200000?
121011022112
In base 11, what is 31364 + -549?
30916
In base 13, what is -11c7206 - -5?
-11c7201
In base 3, what is -211011000002 - -222?
-211010222010
In base 11, what is -303125 + a1?
-303034
In base 5, what is -131213422333 - 12?
-131213422400
In base 5, what is -223344 - 1220?
-230114
In base 16, what is -5 + 2f8227?
2f8222
In base 9, what is -74 + -112630?
-112714
In base 13, what is -703c20cb +